{"id":17,"date":"2017-02-20T14:26:37","date_gmt":"2017-02-20T13:26:37","guid":{"rendered":"http:\/\/new.ansekclo.com\/?page_id=17"},"modified":"2020-12-08T14:29:39","modified_gmt":"2020-12-08T13:29:39","slug":"intrastat","status":"publish","type":"page","link":"https:\/\/www.ansekclo.com\/index.php\/intrastat\/","title":{"rendered":"Intrastat"},"content":{"rendered":"<p>INTRASTAT je syst\u00e9m sb\u011bru dat pro sledov\u00e1n\u00ed pohybu zbo\u017e\u00ed mezi \u010dlensk\u00fdmi zem\u011bmi EU. Povinnost vykazovat data pro INTRASTAT maj\u00ed subjekty, kter\u00e9 p\u0159ekro\u010d\u00ed pr\u00e1h pro vykazov\u00e1n\u00ed. Pr\u00e1h pro vykazov\u00e1n\u00ed INTRASTAT je stanoven na 12.000.000 K\u010d \/ rok. V p\u0159\u00edpad\u011b, \u017ee Va\u0161e spole\u010dnost vyv\u00e1\u017e\u00ed, \u010di dov\u00e1\u017e\u00ed zbo\u017e\u00ed v r\u00e1mci Evropsk\u00e9 unie a p\u0159ekro\u010d\u00ed hranici 12.000.000 k\u010d \/ rok, m\u00e1 z\u00e1konnou povinnost p\u0159edkl\u00e1dat \u010cesk\u00e9mu statistick\u00e9mu \u00fa\u0159adu data pro INTRASTAT. V p\u0159\u00edpad\u011b, \u017ee si vyberete spole\u010dnost ANSEK clo s.r.o., zajist\u00edme V\u00e1m:<\/p>\n<ul>\n<li>Kompletn\u00ed zpracov\u00e1n\u00ed a odesl\u00e1n\u00ed statistick\u00e9ho hl\u00e1\u0161en\u00ed o intrakomunit\u00e1rn\u00edm obchodu v r\u00e1mci EU<\/li>\n<li>Registrace na C\u00da<\/li>\n<li>Zastoupen\u00ed v\u016f\u010di org\u00e1n\u016fm st\u00e1tn\u00ed spr\u00e1vy<\/li>\n<li>Porad\u00edme V\u00e1m zdarma<\/li>\n<\/ul>\n","protected":false},"excerpt":{"rendered":"<p>INTRASTAT je syst\u00e9m sb\u011bru dat pro sledov\u00e1n\u00ed pohybu zbo\u017e\u00ed mezi \u010dlensk\u00fdmi zem\u011bmi EU. Povinnost vykazovat data pro INTRASTAT maj\u00ed subjekty, kter\u00e9 p\u0159ekro\u010d\u00ed pr\u00e1h pro vykazov\u00e1n\u00ed. Pr\u00e1h pro vykazov\u00e1n\u00ed INTRASTAT je stanoven na 12.000.000 K\u010d \/ rok. V p\u0159\u00edpad\u011b, \u017ee Va\u0161e<\/p>\n","protected":false},"author":2,"featured_media":0,"parent":0,"menu_order":0,"comment_status":"closed","ping_status":"closed","template":"","meta":{"footnotes":""},"class_list":["post-17","page","type-page","status-publish","hentry"],"_links":{"self":[{"href":"https:\/\/www.ansekclo.com\/index.php\/wp-json\/wp\/v2\/pages\/17","targetHints":{"allow":["GET"]}}],"collection":[{"href":"https:\/\/www.ansekclo.com\/index.php\/wp-json\/wp\/v2\/pages"}],"about":[{"href":"https:\/\/www.ansekclo.com\/index.php\/wp-json\/wp\/v2\/types\/page"}],"author":[{"embeddable":true,"href":"https:\/\/www.ansekclo.com\/index.php\/wp-json\/wp\/v2\/users\/2"}],"replies":[{"embeddable":true,"href":"https:\/\/www.ansekclo.com\/index.php\/wp-json\/wp\/v2\/comments?post=17"}],"version-history":[{"count":4,"href":"https:\/\/www.ansekclo.com\/index.php\/wp-json\/wp\/v2\/pages\/17\/revisions"}],"predecessor-version":[{"id":160,"href":"https:\/\/www.ansekclo.com\/index.php\/wp-json\/wp\/v2\/pages\/17\/revisions\/160"}],"wp:attachment":[{"href":"https:\/\/www.ansekclo.com\/index.php\/wp-json\/wp\/v2\/media?parent=17"}],"curies":[{"name":"wp","href":"https:\/\/api.w.org\/{rel}","templated":true}]}}